{"id":77814,"date":"2025-10-07T20:38:16","date_gmt":"2025-10-07T23:38:16","guid":{"rendered":"https:\/\/www.gameplayscassi.com.br\/ofertas\/?post_type=product&#038;p=77814"},"modified":"2026-04-29T09:44:23","modified_gmt":"2026-04-29T12:44:23","slug":"silent-hill-f","status":"publish","type":"product","link":"https:\/\/www.gameplayscassi.com.br\/ofertas\/produtos\/jogos\/silent-hill-f\/","title":{"rendered":"SILENT HILL f"},"content":{"rendered":"<div class=\"game_page_autocollapse_ctn expanded\">\n<div id=\"aboutThisGame\" class=\"game_page_autocollapse\" data-panel=\"{&quot;type&quot;:&quot;PanelGroup&quot;}\">\n<div id=\"game_area_description\" class=\"game_area_description\">\n<p>No Jap\u00e3o dos anos 1960, a reclusa cidade de Ebisugaoka, onde vive Hinako Shimizu, \u00e9 consumida repentinamente por uma n\u00e9voa misteriosa, transformando seu lar em um pesadelo aterrorizante.<\/p>\n<p>Conforme a cidade mergulha no sil\u00eancio e a n\u00e9voa se adensa, Hinako precisa atravessar os caminhos tortuosos de Ebisugaoka, solucionando enigmas complexos e confrontando monstros grotescos para sobreviver.<\/p>\n<p>Mergulhe no mundo de Hinako imaginado pelo renomado autor Ryukishi07, com uma trilha sonora hipnotizante, incluindo composi\u00e7\u00f5es de Akira Yamaoka, e visuais deslumbrantes em uma hist\u00f3ria envolvente sobre d\u00favida, arrependimento e escolhas inevit\u00e1veis. Ser\u00e1 que Hinako abra\u00e7ar\u00e1 a beleza oculta no horror ou sucumbir\u00e1 \u00e0 loucura que a aguarda?<\/p>\n<p>Descubra um novo cap\u00edtulo da s\u00e9rie SILENT HILL, mesclando terror psicol\u00f3gico com um cen\u00e1rio japon\u00eas inquietante.<\/p>\n<h2 class=\"bb_tag\">Uma hist\u00f3ria independente dentro da s\u00e9rie SILENT HILL<\/h2>\n<p>Este jogo \u00e9 uma hist\u00f3ria independente dentro da s\u00e9rie SILENT HILL. Ambientada no Jap\u00e3o dos anos 1960, SILENT HILL f apresenta um novo lado do terror psicol\u00f3gico.<br \/>\n<span class=\"bb_img_ctn\"><img fetchpriority=\"high\" decoding=\"async\" class=\"bb_img\" src=\"https:\/\/shared.akamai.steamstatic.com\/store_item_assets\/steam\/apps\/2947440\/extras\/0290a6e0c9a0d46f54336df159a8f283.avif?t=1758772827\" width=\"718\" height=\"404\" \/><\/span><\/p>\n<div class=\"bb_img_icons\"><\/div>\n<h2 class=\"bb_tag\">Uma hist\u00f3ria ambientada no Jap\u00e3o dos anos 1960<\/h2>\n<p>O palco do jogo, uma cidade montanhosa do Jap\u00e3o dos anos 1960 chamada Ebisugaoka, bem como a hist\u00f3ria e os personagens, foram criados exclusivamente para esta obra.<br \/>\n<span class=\"bb_img_ctn\"><video class=\"bb_img\" poster=\"https:\/\/shared.akamai.steamstatic.com\/store_item_assets\/steam\/apps\/2947440\/extras\/59d083fd4a3208368941956af95f8888.poster.avif?t=1758772827\" autoplay=\"autoplay\" loop=\"loop\" muted=\"\" width=\"640\" height=\"360\" data-mce-fragment=\"1\"><\/video><\/span><\/p>\n<div class=\"bb_img_icons\">\n<div class=\"bb_img_play_pause playing\" role=\"button\" data-panel=\"{&quot;focusable&quot;:true,&quot;clickOnActivate&quot;:true}\" data-tooltip=\"O seu navegador tem uma configura\u00e7\u00e3o ativada para reduzir o movimento na tela, ent\u00e3o essa imagem animada \u00e9 pausada por padr\u00e3o.\" data-tooltip-visible=\"false\"><\/div>\n<\/div>\n<h2 class=\"bb_tag\">Um mist\u00e9rio psicol\u00f3gico escrito por Ryukishi07<\/h2>\n<p>Das linhas enigm\u00e1ticas ditas pelos amigos de Hinako aos acontecimentos estranhos que se desenrolam ao seu redor, a hist\u00f3ria mant\u00e9m voc\u00ea em suspense.<br \/>\nSeriam os fen\u00f4menos estranhos reais? Um produto da imagina\u00e7\u00e3o de Hinako? Ou algo nascido de antigas cren\u00e7as locais?<br \/>\n<span class=\"bb_img_ctn\"><video class=\"bb_img\" poster=\"https:\/\/shared.akamai.steamstatic.com\/store_item_assets\/steam\/apps\/2947440\/extras\/d984e87c8c029a631bd544cc65c47668.poster.avif?t=1758772827\" autoplay=\"autoplay\" loop=\"loop\" muted=\"\" width=\"640\" height=\"360\" data-mce-fragment=\"1\"><\/video><\/span><\/p>\n<div class=\"bb_img_icons\">\n<div class=\"bb_img_play_pause playing\" role=\"button\" data-panel=\"{&quot;focusable&quot;:true,&quot;clickOnActivate&quot;:true}\" data-tooltip=\"O seu navegador tem uma configura\u00e7\u00e3o ativada para reduzir o movimento na tela, ent\u00e3o essa imagem animada \u00e9 pausada por padr\u00e3o.\" data-tooltip-visible=\"false\"><\/div>\n<\/div>\n<h2 class=\"bb_tag\">Uma mistura assombrosa de beleza e terror, com sons inspirados na tradi\u00e7\u00e3o japonesa.<\/h2>\n<p>Um mundo grotesco e ao mesmo tempo est\u00e9tico ganha vida em impressionantes visuais em 4K.<br \/>\nUm \u00e1udio 3D imersivo envolve o jogador, amplificando a tens\u00e3o e o desconforto \u2014 at\u00e9 mesmo o menor movimento atr\u00e1s de voc\u00ea parece assustadoramente pr\u00f3ximo.<br \/>\n<span class=\"bb_img_ctn\"><video class=\"bb_img\" poster=\"https:\/\/shared.akamai.steamstatic.com\/store_item_assets\/steam\/apps\/2947440\/extras\/93221cd9aaad487698bcc3e36a51529f.poster.avif?t=1758772827\" autoplay=\"autoplay\" loop=\"loop\" muted=\"\" width=\"640\" height=\"360\" data-mce-fragment=\"1\"><\/video><\/span><\/p>\n<div class=\"bb_img_icons\">\n<div class=\"bb_img_play_pause playing\" role=\"button\" data-panel=\"{&quot;focusable&quot;:true,&quot;clickOnActivate&quot;:true}\" data-tooltip=\"O seu navegador tem uma configura\u00e7\u00e3o ativada para reduzir o movimento na tela, ent\u00e3o essa imagem animada \u00e9 pausada por padr\u00e3o.\" data-tooltip-visible=\"false\"><\/div>\n<\/div>\n<h2 class=\"bb_tag\">M\u00faltiplos finais<\/h2>\n<p>Sua primeira jogada termina em uma conclus\u00e3o fixa. Mas a partir da segunda, suas escolhas passam a moldar o desfecho.<br \/>\nS\u00e3o cinco finais ao todo \u2014 volte ao jogo para descobrir toda a verdade por tr\u00e1s do mist\u00e9rio.<br \/>\n<span class=\"bb_img_ctn\"><video class=\"bb_img\" poster=\"https:\/\/shared.akamai.steamstatic.com\/store_item_assets\/steam\/apps\/2947440\/extras\/01ff2a3c9ecc4cdd61161a7a4b91502b.poster.avif?t=1758772827\" autoplay=\"autoplay\" loop=\"loop\" muted=\"\" width=\"640\" height=\"360\" data-mce-fragment=\"1\"><\/video><\/span><\/p>\n<div class=\"bb_img_icons\">\n<div class=\"bb_img_play_pause playing\" role=\"button\" data-panel=\"{&quot;focusable&quot;:true,&quot;clickOnActivate&quot;:true}\" data-tooltip=\"O seu navegador tem uma configura\u00e7\u00e3o ativada para reduzir o movimento na tela, ent\u00e3o essa imagem animada \u00e9 pausada por padr\u00e3o.\" data-tooltip-visible=\"false\"><\/div>\n<\/div>\n<\/div>\n<\/div>\n<\/div>\n<div class=\"game_page_autocollapse_ctn\">\n<div class=\"game_page_autocollapse\">\n<div id=\"game_area_content_descriptors\" class=\"game_area_description\"><\/div>\n<\/div>\n<\/div>\n","protected":false},"excerpt":{"rendered":"<p>Confira o menor pre\u00e7o para comprar<strong> SILENT HILL f<\/strong> no PC. Selecionamos apenas as nossas lojas digitais de confian\u00e7a para a compara\u00e7\u00e3o de pre\u00e7os. Voc\u00ea pode comprar a chave do jogo na loja em que estiver com a melhor oferta. Ap\u00f3s realizar a compra, voc\u00ea precisa utilizar o cliente indicado pela loja para ativar e baixar o seu jogo.<\/p>\n","protected":false},"featured_media":77894,"template":"","meta":[],"store":[],"product_brand":[],"product_cat":[25],"product_tag":[119,125,151,1188,403,405,404,943,1224,406,26,460,631,31,191,195,498,428,1225],"class_list":{"0":"post-77814","1":"product","2":"type-product","3":"status-publish","4":"has-post-thumbnail","6":"product_cat-jogos","7":"product_tag-acao","8":"product_tag-aventura","9":"product_tag-boa-trama","10":"product_tag-boosteroid","11":"product_tag-cartas-colecionaveis-steam","12":"product_tag-compartilhamento-em-familia","13":"product_tag-conquistas-steam","14":"product_tag-konami","15":"product_tag-neobards-entertainment-ltd","16":"product_tag-nuvem-steam","17":"product_tag-pc","18":"product_tag-protagonista-mulher","19":"product_tag-soulslike","20":"product_tag-steam","21":"product_tag-steam-deck","22":"product_tag-terror","23":"product_tag-terror-de-sobrevivencia","24":"product_tag-terror-psicologico","25":"product_tag-xbox-cloud-gaming","27":"first","28":"instock","29":"sale","30":"purchasable","31":"product-type-simple"},"yoast_head":"<!-- This site is optimized with the Yoast SEO plugin v27.2 - https:\/\/yoast.com\/product\/yoast-seo-wordpress\/ -->\n<title>SILENT HILL f em promo\u00e7\u00e3o para PC<\/title>\n<meta name=\"description\" content=\"Confira o menor pre\u00e7o para comprar SILENT HILL f no PC. Selecionamos apenas as nossas lojas digitais de confian\u00e7a para a compara\u00e7\u00e3o de pre\u00e7os. Voc\u00ea pode comprar a chave do jogo na loja em que estiver com a melhor oferta. Ap\u00f3s realizar a compra, voc\u00ea precisa utilizar o cliente indicado pela loja para ativar e baixar o seu jogo.\" \/>\n<meta name=\"robots\" content=\"index, follow, max-snippet:-1, max-image-preview:large, max-video-preview:-1\" \/>\n<link rel=\"canonical\" href=\"https:\/\/www.gameplayscassi.com.br\/ofertas\/produtos\/jogos\/silent-hill-f\/\" \/>\n<meta property=\"og:locale\" content=\"pt_BR\" \/>\n<meta property=\"og:type\" content=\"article\" \/>\n<meta property=\"og:title\" content=\"SILENT HILL f em promo\u00e7\u00e3o para PC\" \/>\n<meta property=\"og:description\" content=\"Confira o menor pre\u00e7o para comprar SILENT HILL f no PC. Selecionamos apenas as nossas lojas digitais de confian\u00e7a para a compara\u00e7\u00e3o de pre\u00e7os. Voc\u00ea pode comprar a chave do jogo na loja em que estiver com a melhor oferta. Ap\u00f3s realizar a compra, voc\u00ea precisa utilizar o cliente indicado pela loja para ativar e baixar o seu jogo.\" \/>\n<meta property=\"og:url\" content=\"https:\/\/www.gameplayscassi.com.br\/ofertas\/produtos\/jogos\/silent-hill-f\/\" \/>\n<meta property=\"og:site_name\" content=\"Gameplayscassi - Ofertas\" \/>\n<meta property=\"article:publisher\" content=\"https:\/\/www.facebook.com\/GamePlaysCassi\/\" \/>\n<meta property=\"article:modified_time\" content=\"2026-04-29T12:44:23+00:00\" \/>\n<meta property=\"og:image\" content=\"https:\/\/www.gameplayscassi.com.br\/ofertas\/wp-content\/uploads\/2025\/10\/SILENT-HILL-f.jpg\" \/>\n\t<meta property=\"og:image:width\" content=\"1600\" \/>\n\t<meta property=\"og:image:height\" content=\"740\" \/>\n\t<meta property=\"og:image:type\" content=\"image\/jpeg\" \/>\n<meta name=\"twitter:card\" content=\"summary_large_image\" \/>\n<meta name=\"twitter:site\" content=\"@Gameplayscassi\" \/>\n<meta name=\"twitter:label1\" content=\"Est. tempo de leitura\" \/>\n\t<meta name=\"twitter:data1\" content=\"3 minutos\" \/>\n<script type=\"application\/ld+json\" class=\"yoast-schema-graph\">{\"@context\":\"https:\/\/schema.org\",\"@graph\":[{\"@type\":\"WebPage\",\"@id\":\"https:\/\/www.gameplayscassi.com.br\/ofertas\/produtos\/jogos\/silent-hill-f\/\",\"url\":\"https:\/\/www.gameplayscassi.com.br\/ofertas\/produtos\/jogos\/silent-hill-f\/\",\"name\":\"SILENT HILL f em promo\u00e7\u00e3o para PC\",\"isPartOf\":{\"@id\":\"https:\/\/www.gameplayscassi.com.br\/ofertas\/#website\"},\"primaryImageOfPage\":{\"@id\":\"https:\/\/www.gameplayscassi.com.br\/ofertas\/produtos\/jogos\/silent-hill-f\/#primaryimage\"},\"image\":{\"@id\":\"https:\/\/www.gameplayscassi.com.br\/ofertas\/produtos\/jogos\/silent-hill-f\/#primaryimage\"},\"thumbnailUrl\":\"https:\/\/www.gameplayscassi.com.br\/ofertas\/wp-content\/uploads\/2025\/10\/SILENT-HILL-f.jpg\",\"datePublished\":\"2025-10-07T23:38:16+00:00\",\"dateModified\":\"2026-04-29T12:44:23+00:00\",\"description\":\"Confira o menor pre\u00e7o para comprar SILENT HILL f no PC. Selecionamos apenas as nossas lojas digitais de confian\u00e7a para a compara\u00e7\u00e3o de pre\u00e7os. Voc\u00ea pode comprar a chave do jogo na loja em que estiver com a melhor oferta. Ap\u00f3s realizar a compra, voc\u00ea precisa utilizar o cliente indicado pela loja para ativar e baixar o seu jogo.\",\"breadcrumb\":{\"@id\":\"https:\/\/www.gameplayscassi.com.br\/ofertas\/produtos\/jogos\/silent-hill-f\/#breadcrumb\"},\"inLanguage\":\"pt-BR\",\"potentialAction\":[{\"@type\":\"ReadAction\",\"target\":[\"https:\/\/www.gameplayscassi.com.br\/ofertas\/produtos\/jogos\/silent-hill-f\/\"]}]},{\"@type\":\"ImageObject\",\"inLanguage\":\"pt-BR\",\"@id\":\"https:\/\/www.gameplayscassi.com.br\/ofertas\/produtos\/jogos\/silent-hill-f\/#primaryimage\",\"url\":\"https:\/\/www.gameplayscassi.com.br\/ofertas\/wp-content\/uploads\/2025\/10\/SILENT-HILL-f.jpg\",\"contentUrl\":\"https:\/\/www.gameplayscassi.com.br\/ofertas\/wp-content\/uploads\/2025\/10\/SILENT-HILL-f.jpg\",\"width\":1600,\"height\":740},{\"@type\":\"BreadcrumbList\",\"@id\":\"https:\/\/www.gameplayscassi.com.br\/ofertas\/produtos\/jogos\/silent-hill-f\/#breadcrumb\",\"itemListElement\":[{\"@type\":\"ListItem\",\"position\":1,\"name\":\"In\u00edcio\",\"item\":\"https:\/\/www.gameplayscassi.com.br\/ofertas\/\"},{\"@type\":\"ListItem\",\"position\":2,\"name\":\"Produtos\",\"item\":\"https:\/\/www.gameplayscassi.com.br\/ofertas\/\"},{\"@type\":\"ListItem\",\"position\":3,\"name\":\"SILENT HILL f\"}]},{\"@type\":\"WebSite\",\"@id\":\"https:\/\/www.gameplayscassi.com.br\/ofertas\/#website\",\"url\":\"https:\/\/www.gameplayscassi.com.br\/ofertas\/\",\"name\":\"Gameplayscassi - Ofertas\",\"description\":\"As melhores ofertas para voc\u00ea\",\"publisher\":{\"@id\":\"https:\/\/www.gameplayscassi.com.br\/ofertas\/#organization\"},\"potentialAction\":[{\"@type\":\"SearchAction\",\"target\":{\"@type\":\"EntryPoint\",\"urlTemplate\":\"https:\/\/www.gameplayscassi.com.br\/ofertas\/?s={search_term_string}\"},\"query-input\":{\"@type\":\"PropertyValueSpecification\",\"valueRequired\":true,\"valueName\":\"search_term_string\"}}],\"inLanguage\":\"pt-BR\"},{\"@type\":\"Organization\",\"@id\":\"https:\/\/www.gameplayscassi.com.br\/ofertas\/#organization\",\"name\":\"Gameplayscassi - Ofertas\",\"url\":\"https:\/\/www.gameplayscassi.com.br\/ofertas\/\",\"logo\":{\"@type\":\"ImageObject\",\"inLanguage\":\"pt-BR\",\"@id\":\"https:\/\/www.gameplayscassi.com.br\/ofertas\/#\/schema\/logo\/image\/\",\"url\":\"https:\/\/www.gameplayscassi.com.br\/ofertas\/wp-content\/uploads\/2024\/06\/Gameplayscassi.png\",\"contentUrl\":\"https:\/\/www.gameplayscassi.com.br\/ofertas\/wp-content\/uploads\/2024\/06\/Gameplayscassi.png\",\"width\":544,\"height\":180,\"caption\":\"Gameplayscassi - Ofertas\"},\"image\":{\"@id\":\"https:\/\/www.gameplayscassi.com.br\/ofertas\/#\/schema\/logo\/image\/\"},\"sameAs\":[\"https:\/\/www.facebook.com\/GamePlaysCassi\/\",\"https:\/\/x.com\/Gameplayscassi\",\"https:\/\/www.youtube.com\/gameplayscassi\",\"https:\/\/www.instagram.com\/gameplayscassii\/\",\"https:\/\/store.steampowered.com\/curator\/31464556\/\",\"https:\/\/discord.com\/servers\/gameplayscassi-598567071298617354\"]}]}<\/script>\n<!-- \/ Yoast SEO plugin. -->","yoast_head_json":{"title":"SILENT HILL f em promo\u00e7\u00e3o para PC","description":"Confira o menor pre\u00e7o para comprar SILENT HILL f no PC. Selecionamos apenas as nossas lojas digitais de confian\u00e7a para a compara\u00e7\u00e3o de pre\u00e7os. Voc\u00ea pode comprar a chave do jogo na loja em que estiver com a melhor oferta. Ap\u00f3s realizar a compra, voc\u00ea precisa utilizar o cliente indicado pela loja para ativar e baixar o seu jogo.","robots":{"index":"index","follow":"follow","max-snippet":"max-snippet:-1","max-image-preview":"max-image-preview:large","max-video-preview":"max-video-preview:-1"},"canonical":"https:\/\/www.gameplayscassi.com.br\/ofertas\/produtos\/jogos\/silent-hill-f\/","og_locale":"pt_BR","og_type":"article","og_title":"SILENT HILL f em promo\u00e7\u00e3o para PC","og_description":"Confira o menor pre\u00e7o para comprar SILENT HILL f no PC. Selecionamos apenas as nossas lojas digitais de confian\u00e7a para a compara\u00e7\u00e3o de pre\u00e7os. Voc\u00ea pode comprar a chave do jogo na loja em que estiver com a melhor oferta. Ap\u00f3s realizar a compra, voc\u00ea precisa utilizar o cliente indicado pela loja para ativar e baixar o seu jogo.","og_url":"https:\/\/www.gameplayscassi.com.br\/ofertas\/produtos\/jogos\/silent-hill-f\/","og_site_name":"Gameplayscassi - Ofertas","article_publisher":"https:\/\/www.facebook.com\/GamePlaysCassi\/","article_modified_time":"2026-04-29T12:44:23+00:00","og_image":[{"width":1600,"height":740,"url":"https:\/\/www.gameplayscassi.com.br\/ofertas\/wp-content\/uploads\/2025\/10\/SILENT-HILL-f.jpg","type":"image\/jpeg"}],"twitter_card":"summary_large_image","twitter_site":"@Gameplayscassi","twitter_misc":{"Est. tempo de leitura":"3 minutos"},"schema":{"@context":"https:\/\/schema.org","@graph":[{"@type":"WebPage","@id":"https:\/\/www.gameplayscassi.com.br\/ofertas\/produtos\/jogos\/silent-hill-f\/","url":"https:\/\/www.gameplayscassi.com.br\/ofertas\/produtos\/jogos\/silent-hill-f\/","name":"SILENT HILL f em promo\u00e7\u00e3o para PC","isPartOf":{"@id":"https:\/\/www.gameplayscassi.com.br\/ofertas\/#website"},"primaryImageOfPage":{"@id":"https:\/\/www.gameplayscassi.com.br\/ofertas\/produtos\/jogos\/silent-hill-f\/#primaryimage"},"image":{"@id":"https:\/\/www.gameplayscassi.com.br\/ofertas\/produtos\/jogos\/silent-hill-f\/#primaryimage"},"thumbnailUrl":"https:\/\/www.gameplayscassi.com.br\/ofertas\/wp-content\/uploads\/2025\/10\/SILENT-HILL-f.jpg","datePublished":"2025-10-07T23:38:16+00:00","dateModified":"2026-04-29T12:44:23+00:00","description":"Confira o menor pre\u00e7o para comprar SILENT HILL f no PC. Selecionamos apenas as nossas lojas digitais de confian\u00e7a para a compara\u00e7\u00e3o de pre\u00e7os. Voc\u00ea pode comprar a chave do jogo na loja em que estiver com a melhor oferta. Ap\u00f3s realizar a compra, voc\u00ea precisa utilizar o cliente indicado pela loja para ativar e baixar o seu jogo.","breadcrumb":{"@id":"https:\/\/www.gameplayscassi.com.br\/ofertas\/produtos\/jogos\/silent-hill-f\/#breadcrumb"},"inLanguage":"pt-BR","potentialAction":[{"@type":"ReadAction","target":["https:\/\/www.gameplayscassi.com.br\/ofertas\/produtos\/jogos\/silent-hill-f\/"]}]},{"@type":"ImageObject","inLanguage":"pt-BR","@id":"https:\/\/www.gameplayscassi.com.br\/ofertas\/produtos\/jogos\/silent-hill-f\/#primaryimage","url":"https:\/\/www.gameplayscassi.com.br\/ofertas\/wp-content\/uploads\/2025\/10\/SILENT-HILL-f.jpg","contentUrl":"https:\/\/www.gameplayscassi.com.br\/ofertas\/wp-content\/uploads\/2025\/10\/SILENT-HILL-f.jpg","width":1600,"height":740},{"@type":"BreadcrumbList","@id":"https:\/\/www.gameplayscassi.com.br\/ofertas\/produtos\/jogos\/silent-hill-f\/#breadcrumb","itemListElement":[{"@type":"ListItem","position":1,"name":"In\u00edcio","item":"https:\/\/www.gameplayscassi.com.br\/ofertas\/"},{"@type":"ListItem","position":2,"name":"Produtos","item":"https:\/\/www.gameplayscassi.com.br\/ofertas\/"},{"@type":"ListItem","position":3,"name":"SILENT HILL f"}]},{"@type":"WebSite","@id":"https:\/\/www.gameplayscassi.com.br\/ofertas\/#website","url":"https:\/\/www.gameplayscassi.com.br\/ofertas\/","name":"Gameplayscassi - Ofertas","description":"As melhores ofertas para voc\u00ea","publisher":{"@id":"https:\/\/www.gameplayscassi.com.br\/ofertas\/#organization"},"potentialAction":[{"@type":"SearchAction","target":{"@type":"EntryPoint","urlTemplate":"https:\/\/www.gameplayscassi.com.br\/ofertas\/?s={search_term_string}"},"query-input":{"@type":"PropertyValueSpecification","valueRequired":true,"valueName":"search_term_string"}}],"inLanguage":"pt-BR"},{"@type":"Organization","@id":"https:\/\/www.gameplayscassi.com.br\/ofertas\/#organization","name":"Gameplayscassi - Ofertas","url":"https:\/\/www.gameplayscassi.com.br\/ofertas\/","logo":{"@type":"ImageObject","inLanguage":"pt-BR","@id":"https:\/\/www.gameplayscassi.com.br\/ofertas\/#\/schema\/logo\/image\/","url":"https:\/\/www.gameplayscassi.com.br\/ofertas\/wp-content\/uploads\/2024\/06\/Gameplayscassi.png","contentUrl":"https:\/\/www.gameplayscassi.com.br\/ofertas\/wp-content\/uploads\/2024\/06\/Gameplayscassi.png","width":544,"height":180,"caption":"Gameplayscassi - Ofertas"},"image":{"@id":"https:\/\/www.gameplayscassi.com.br\/ofertas\/#\/schema\/logo\/image\/"},"sameAs":["https:\/\/www.facebook.com\/GamePlaysCassi\/","https:\/\/x.com\/Gameplayscassi","https:\/\/www.youtube.com\/gameplayscassi","https:\/\/www.instagram.com\/gameplayscassii\/","https:\/\/store.steampowered.com\/curator\/31464556\/","https:\/\/discord.com\/servers\/gameplayscassi-598567071298617354"]}]}},"jetpack_sharing_enabled":true,"_links":{"self":[{"href":"https:\/\/www.gameplayscassi.com.br\/ofertas\/wp-json\/wp\/v2\/product\/77814","targetHints":{"allow":["GET"]}}],"collection":[{"href":"https:\/\/www.gameplayscassi.com.br\/ofertas\/wp-json\/wp\/v2\/product"}],"about":[{"href":"https:\/\/www.gameplayscassi.com.br\/ofertas\/wp-json\/wp\/v2\/types\/product"}],"version-history":[{"count":0,"href":"https:\/\/www.gameplayscassi.com.br\/ofertas\/wp-json\/wp\/v2\/product\/77814\/revisions"}],"wp:featuredmedia":[{"embeddable":true,"href":"https:\/\/www.gameplayscassi.com.br\/ofertas\/wp-json\/wp\/v2\/media\/77894"}],"wp:attachment":[{"href":"https:\/\/www.gameplayscassi.com.br\/ofertas\/wp-json\/wp\/v2\/media?parent=77814"}],"wp:term":[{"taxonomy":"store","embeddable":true,"href":"https:\/\/www.gameplayscassi.com.br\/ofertas\/wp-json\/wp\/v2\/store?post=77814"},{"taxonomy":"product_brand","embeddable":true,"href":"https:\/\/www.gameplayscassi.com.br\/ofertas\/wp-json\/wp\/v2\/product_brand?post=77814"},{"taxonomy":"product_cat","embeddable":true,"href":"https:\/\/www.gameplayscassi.com.br\/ofertas\/wp-json\/wp\/v2\/product_cat?post=77814"},{"taxonomy":"product_tag","embeddable":true,"href":"https:\/\/www.gameplayscassi.com.br\/ofertas\/wp-json\/wp\/v2\/product_tag?post=77814"}],"curies":[{"name":"wp","href":"https:\/\/api.w.org\/{rel}","templated":true}]}}