{"id":72763,"date":"2024-05-09T20:21:43","date_gmt":"2024-05-09T23:21:43","guid":{"rendered":"https:\/\/www.gameplayscassi.com.br\/ofertas\/produtos\/sem%20categoria\/monster-hunter-stories\/"},"modified":"2026-05-02T03:34:25","modified_gmt":"2026-05-02T06:34:25","slug":"monster-hunter-stories","status":"publish","type":"product","link":"https:\/\/www.gameplayscassi.com.br\/ofertas\/produtos\/jogos\/monster-hunter-stories\/","title":{"rendered":"Monster Hunter Stories"},"content":{"rendered":"<p>Obs.: pacotes com pre\u00e7os mais baixos que incluem este produto e Monster Hunter Stories 2 ~Wings of Ruin~ estar\u00e3o dispon\u00edveis a partir da data de lan\u00e7amento.<br \/>\n*O b\u00f4nus limitado de ambos os jogos estar\u00e1 dispon\u00edvel para quem comprar o pacote acima at\u00e9 31 de agosto de 2024.<\/p>\n<p>Monster Hunter Stories \u00e9 um RPG que pega o mundo de Monster Hunter e o expande de maneiras novas e emocionantes! Voc\u00ea n\u00e3o est\u00e1 mais ca\u00e7ando monstros, mas cuidando deles! Nesta hist\u00f3ria profunda com her\u00f3is conhecidos como Montadores de Monstros, voc\u00ea viver\u00e1 ao lado de monstros e formar\u00e1 la\u00e7os duradouros com eles.<\/p>\n<p><img decoding=\"async\" src=\"https:\/\/cdn.cloudflare.steamstatic.com\/steam\/apps\/2356560\/extras\/top.jpg?t=1714075709\" \/><br \/>\nA primeira parte da s\u00e9rie Monster Hunter Stories retorna, totalmente dublada em japon\u00eas e ingl\u00eas, com recursos adicionais, como um novo modo museu onde voc\u00ea pode ouvir m\u00fasica e ver arte conceitual, permitindo que voc\u00ea mergulhe ainda mais fundo no mundo de Monster Hunter Stories.<\/p>\n<p><strong>Hist\u00f3ria:<\/strong><br \/>\n<img decoding=\"async\" src=\"https:\/\/cdn.cloudflare.steamstatic.com\/steam\/apps\/2356560\/extras\/story1.jpg?t=1714075709\" \/><br \/>\nComo her\u00f3i da hist\u00f3ria, voc\u00ea nasceu em uma vila de Montadores que ganham a vida criando monstros. Voc\u00ea superar\u00e1 prova\u00e7\u00f5es e tribula\u00e7\u00f5es \u00e0 medida que crescer como Montador e deixar\u00e1 sua vila para embarcar em uma aventura. Seu destino: o mundo dos Ca\u00e7adores, que ganham a vida ca\u00e7ando monstros. Embora seus estilos de vida sejam muito diferentes, voc\u00ea deve aprender a viver e trabalhar junto com os Ca\u00e7adores e, por sua vez, aproximar ainda mais o mundo dos Ca\u00e7adores e dos Montadores.<\/p>\n<p><img decoding=\"async\" src=\"https:\/\/cdn.cloudflare.steamstatic.com\/steam\/apps\/2356560\/extras\/story2.jpg?t=1714075709\" \/><br \/>\nAs coisas tomam um rumo sombrio quando uma calamidade conhecida como o Miasma Sombrio aparece, amea\u00e7ando o mundo inteiro e destruindo vidas pac\u00edficas que eram tidas como certas&#8230; Tanto os Montadores quanto os Ca\u00e7adores ser\u00e3o postos \u00e0 prova para desafiar esta amea\u00e7a.<\/p>\n<p>As chaves para salvar o mundo s\u00e3o a Pedra de Afinidade e seu poder oculto, junto com a verdade da &#8220;&#8221;Lenda de Redan&#8221;&#8221;, que descreve o segredo h\u00e1 muito guardado das origens dos Montadores! Ao longo de sua jornada \u00e9pica, voc\u00ea descobrir\u00e1 o verdadeiro significado da Afinidade, que cresce \u00e0 medida que seus la\u00e7os se aprofundam! Uma hist\u00f3ria de amizade e triunfo espera por voc\u00ea \u2013 entre no mundo de Monster Hunter Stories!<\/p>\n<p><strong>Recursos do Jogo:<\/strong><br \/>\n\u25a0 Um RPG baseado em turnos ambientado no mundo de Monster Hunter!<br \/>\n<img decoding=\"async\" src=\"https:\/\/cdn.cloudflare.steamstatic.com\/steam\/apps\/2356560\/extras\/battle.gif?t=1714075709\" \/><br \/>\nMonster Hunter Stories apresenta um sistema de batalha estrat\u00e9gico f\u00e1cil de dominar, mesmo para quem tem dificuldade com jogos de a\u00e7\u00e3o. Use ataques de for\u00e7a, velocidade e t\u00e9cnicos para adivinhar e superar os padr\u00f5es de ataque do seu oponente para causar grandes danos e vencer as batalhas! Aumente seu medidor de Afinidade para usar habilidades ou experimente as habilidades de Afinidade exclusivas de seus Monsties!<\/p>\n<p>\u25a0 Transforme monstros populares da s\u00e9rie em seus Monsties!<br \/>\n<img decoding=\"async\" src=\"https:\/\/cdn.cloudflare.steamstatic.com\/steam\/apps\/2356560\/extras\/tamago.gif?t=1714075709\" \/><br \/>\nExplore o campo usando as habilidades dos Monsties, choque os ovos que encontrar pelo caminho e transforme v\u00e1rios monstros em Monsties! Este jogo apresenta muitos monstros populares da s\u00e9rie Monster Hunter, incluindo Zinogre, Nargacuga e Lagiacrus.<\/p>\n<p><img decoding=\"async\" src=\"https:\/\/cdn.cloudflare.steamstatic.com\/steam\/apps\/2356560\/extras\/densho.gif?t=1714075709\" \/><br \/>\nO Rito de Canaliza\u00e7\u00e3o \u00e9 um ritual que desperta habilidades adormecidas em seus Monsties, permitindo que voc\u00ea crie Monsties originais e enfrente inimigos poderosos!<\/p>\n<p>\u25a0 Recursos Online<br \/>\nCrie um grupo poderoso com os Monsties que voc\u00ea criou e curta batalhas com outros jogadores!<\/p>\n<p><strong>Novos Recursos:<\/strong><br \/>\n\u25a0 Totalmente dublado em japon\u00eas e ingl\u00eas!<br \/>\nA narrativa \u00e9 ainda mais envolvente com vozes em japon\u00eas e ingl\u00eas!<\/p>\n<p>\u25a0 Conte\u00fado b\u00f4nus do Museu!<br \/>\n<img decoding=\"async\" src=\"https:\/\/cdn.cloudflare.steamstatic.com\/steam\/apps\/2356560\/extras\/museum.jpg?t=1714075709\" \/><br \/>\nDesfrute de mais de 200 pe\u00e7as de arte conceitual, incluindo algumas nunca vistas antes, bem como in\u00fameras faixas musicais. Algumas faixas est\u00e3o sendo apresentadas em som surround pela primeira vez!<\/p>\n<p>\u25a0 Todas as atualiza\u00e7\u00f5es est\u00e3o inclu\u00eddas!<br \/>\n<img decoding=\"async\" src=\"https:\/\/cdn.cloudflare.steamstatic.com\/steam\/apps\/2356560\/extras\/monster.jpg?t=1714075709\" \/><br \/>\nInclui todos os monstros adicionados nas atualiza\u00e7\u00f5es do jogo original, como Kushala Daora, Teostra e Rajang, bem como conte\u00fado expandido de final de jogo e pe\u00e7as adicionais de edi\u00e7\u00e3o de personagens, fazendo com que este seja o pacote completo!<\/p>\n","protected":false},"excerpt":{"rendered":"<p>Confira o menor pre\u00e7o para comprar<strong> Monster Hunter Stories no PC<\/strong>. Selecionamos apenas as nossas lojas digitais de confian\u00e7a para a compara\u00e7\u00e3o de pre\u00e7os. Voc\u00ea pode comprar a chave do jogo na loja em que estiver com a melhor oferta. Ap\u00f3s realizar a compra, voc\u00ea precisa utilizar o cliente indicado pela loja para ativar e baixar o seu jogo.<\/p>\n","protected":false},"featured_media":72865,"template":"","meta":[],"store":[],"product_brand":[],"product_cat":[25],"product_tag":[472,151,50,404,218,470,492,122,406,26,127,31,147],"class_list":{"0":"post-72763","1":"product","2":"type-product","3":"status-publish","4":"has-post-thumbnail","6":"product_cat-jogos","7":"product_tag-3d","8":"product_tag-boa-trama","9":"product_tag-capcom","10":"product_tag-conquistas-steam","11":"product_tag-fantasia","12":"product_tag-jogador-x-jogador-pvp","13":"product_tag-jrpg","14":"product_tag-multijogador","15":"product_tag-nuvem-steam","16":"product_tag-pc","17":"product_tag-rpg","18":"product_tag-steam","19":"product_tag-um-jogador","21":"first","22":"instock","23":"sale","24":"purchasable","25":"product-type-simple"},"yoast_head":"<!-- This site is optimized with the Yoast SEO plugin v27.2 - https:\/\/yoast.com\/product\/yoast-seo-wordpress\/ -->\n<title>Monster Hunter Stories em promo\u00e7\u00e3o para PC<\/title>\n<meta name=\"description\" content=\"Confira o menor pre\u00e7o para comprar Monster Hunter Stories no PC. Selecionamos apenas as nossas lojas digitais de confian\u00e7a para a compara\u00e7\u00e3o de pre\u00e7os. Voc\u00ea pode comprar a chave do jogo na loja em que estiver com a melhor oferta. Ap\u00f3s realizar a compra, voc\u00ea precisa utilizar o cliente indicado pela loja para ativar e baixar o seu jogo.\" \/>\n<meta name=\"robots\" content=\"index, follow, max-snippet:-1, max-image-preview:large, max-video-preview:-1\" \/>\n<link rel=\"canonical\" href=\"https:\/\/www.gameplayscassi.com.br\/ofertas\/produtos\/jogos\/monster-hunter-stories\/\" \/>\n<meta property=\"og:locale\" content=\"pt_BR\" \/>\n<meta property=\"og:type\" content=\"article\" \/>\n<meta property=\"og:title\" content=\"Monster Hunter Stories em promo\u00e7\u00e3o para PC\" \/>\n<meta property=\"og:description\" content=\"Confira o menor pre\u00e7o para comprar Monster Hunter Stories no PC. Selecionamos apenas as nossas lojas digitais de confian\u00e7a para a compara\u00e7\u00e3o de pre\u00e7os. Voc\u00ea pode comprar a chave do jogo na loja em que estiver com a melhor oferta. Ap\u00f3s realizar a compra, voc\u00ea precisa utilizar o cliente indicado pela loja para ativar e baixar o seu jogo.\" \/>\n<meta property=\"og:url\" content=\"https:\/\/www.gameplayscassi.com.br\/ofertas\/produtos\/jogos\/monster-hunter-stories\/\" \/>\n<meta property=\"og:site_name\" content=\"Gameplayscassi - Ofertas\" \/>\n<meta property=\"article:publisher\" content=\"https:\/\/www.facebook.com\/GamePlaysCassi\/\" \/>\n<meta property=\"article:modified_time\" content=\"2026-05-02T06:34:25+00:00\" \/>\n<meta property=\"og:image\" content=\"https:\/\/www.gameplayscassi.com.br\/ofertas\/wp-content\/uploads\/2024\/05\/Monster-Hunter-Stories.jpg\" \/>\n\t<meta property=\"og:image:width\" content=\"1600\" \/>\n\t<meta property=\"og:image:height\" content=\"740\" \/>\n\t<meta property=\"og:image:type\" content=\"image\/jpeg\" \/>\n<meta name=\"twitter:card\" content=\"summary_large_image\" \/>\n<meta name=\"twitter:site\" content=\"@Gameplayscassi\" \/>\n<meta name=\"twitter:label1\" content=\"Est. tempo de leitura\" \/>\n\t<meta name=\"twitter:data1\" content=\"3 minutos\" \/>\n<script type=\"application\/ld+json\" class=\"yoast-schema-graph\">{\"@context\":\"https:\/\/schema.org\",\"@graph\":[{\"@type\":\"WebPage\",\"@id\":\"https:\/\/www.gameplayscassi.com.br\/ofertas\/produtos\/jogos\/monster-hunter-stories\/\",\"url\":\"https:\/\/www.gameplayscassi.com.br\/ofertas\/produtos\/jogos\/monster-hunter-stories\/\",\"name\":\"Monster Hunter Stories em promo\u00e7\u00e3o para PC\",\"isPartOf\":{\"@id\":\"https:\/\/www.gameplayscassi.com.br\/ofertas\/#website\"},\"primaryImageOfPage\":{\"@id\":\"https:\/\/www.gameplayscassi.com.br\/ofertas\/produtos\/jogos\/monster-hunter-stories\/#primaryimage\"},\"image\":{\"@id\":\"https:\/\/www.gameplayscassi.com.br\/ofertas\/produtos\/jogos\/monster-hunter-stories\/#primaryimage\"},\"thumbnailUrl\":\"https:\/\/www.gameplayscassi.com.br\/ofertas\/wp-content\/uploads\/2024\/05\/Monster-Hunter-Stories.jpg\",\"datePublished\":\"2024-05-09T23:21:43+00:00\",\"dateModified\":\"2026-05-02T06:34:25+00:00\",\"description\":\"Confira o menor pre\u00e7o para comprar Monster Hunter Stories no PC. Selecionamos apenas as nossas lojas digitais de confian\u00e7a para a compara\u00e7\u00e3o de pre\u00e7os. Voc\u00ea pode comprar a chave do jogo na loja em que estiver com a melhor oferta. Ap\u00f3s realizar a compra, voc\u00ea precisa utilizar o cliente indicado pela loja para ativar e baixar o seu jogo.\",\"breadcrumb\":{\"@id\":\"https:\/\/www.gameplayscassi.com.br\/ofertas\/produtos\/jogos\/monster-hunter-stories\/#breadcrumb\"},\"inLanguage\":\"pt-BR\",\"potentialAction\":[{\"@type\":\"ReadAction\",\"target\":[\"https:\/\/www.gameplayscassi.com.br\/ofertas\/produtos\/jogos\/monster-hunter-stories\/\"]}]},{\"@type\":\"ImageObject\",\"inLanguage\":\"pt-BR\",\"@id\":\"https:\/\/www.gameplayscassi.com.br\/ofertas\/produtos\/jogos\/monster-hunter-stories\/#primaryimage\",\"url\":\"https:\/\/www.gameplayscassi.com.br\/ofertas\/wp-content\/uploads\/2024\/05\/Monster-Hunter-Stories.jpg\",\"contentUrl\":\"https:\/\/www.gameplayscassi.com.br\/ofertas\/wp-content\/uploads\/2024\/05\/Monster-Hunter-Stories.jpg\",\"width\":1600,\"height\":740},{\"@type\":\"BreadcrumbList\",\"@id\":\"https:\/\/www.gameplayscassi.com.br\/ofertas\/produtos\/jogos\/monster-hunter-stories\/#breadcrumb\",\"itemListElement\":[{\"@type\":\"ListItem\",\"position\":1,\"name\":\"In\u00edcio\",\"item\":\"https:\/\/www.gameplayscassi.com.br\/ofertas\/\"},{\"@type\":\"ListItem\",\"position\":2,\"name\":\"Produtos\",\"item\":\"https:\/\/www.gameplayscassi.com.br\/ofertas\/\"},{\"@type\":\"ListItem\",\"position\":3,\"name\":\"Monster Hunter Stories\"}]},{\"@type\":\"WebSite\",\"@id\":\"https:\/\/www.gameplayscassi.com.br\/ofertas\/#website\",\"url\":\"https:\/\/www.gameplayscassi.com.br\/ofertas\/\",\"name\":\"Gameplayscassi - Ofertas\",\"description\":\"As melhores ofertas para voc\u00ea\",\"publisher\":{\"@id\":\"https:\/\/www.gameplayscassi.com.br\/ofertas\/#organization\"},\"potentialAction\":[{\"@type\":\"SearchAction\",\"target\":{\"@type\":\"EntryPoint\",\"urlTemplate\":\"https:\/\/www.gameplayscassi.com.br\/ofertas\/?s={search_term_string}\"},\"query-input\":{\"@type\":\"PropertyValueSpecification\",\"valueRequired\":true,\"valueName\":\"search_term_string\"}}],\"inLanguage\":\"pt-BR\"},{\"@type\":\"Organization\",\"@id\":\"https:\/\/www.gameplayscassi.com.br\/ofertas\/#organization\",\"name\":\"Gameplayscassi - Ofertas\",\"url\":\"https:\/\/www.gameplayscassi.com.br\/ofertas\/\",\"logo\":{\"@type\":\"ImageObject\",\"inLanguage\":\"pt-BR\",\"@id\":\"https:\/\/www.gameplayscassi.com.br\/ofertas\/#\/schema\/logo\/image\/\",\"url\":\"https:\/\/www.gameplayscassi.com.br\/ofertas\/wp-content\/uploads\/2024\/06\/Gameplayscassi.png\",\"contentUrl\":\"https:\/\/www.gameplayscassi.com.br\/ofertas\/wp-content\/uploads\/2024\/06\/Gameplayscassi.png\",\"width\":544,\"height\":180,\"caption\":\"Gameplayscassi - Ofertas\"},\"image\":{\"@id\":\"https:\/\/www.gameplayscassi.com.br\/ofertas\/#\/schema\/logo\/image\/\"},\"sameAs\":[\"https:\/\/www.facebook.com\/GamePlaysCassi\/\",\"https:\/\/x.com\/Gameplayscassi\",\"https:\/\/www.youtube.com\/gameplayscassi\",\"https:\/\/www.instagram.com\/gameplayscassii\/\",\"https:\/\/store.steampowered.com\/curator\/31464556\/\",\"https:\/\/discord.com\/servers\/gameplayscassi-598567071298617354\"]}]}<\/script>\n<!-- \/ Yoast SEO plugin. -->","yoast_head_json":{"title":"Monster Hunter Stories em promo\u00e7\u00e3o para PC","description":"Confira o menor pre\u00e7o para comprar Monster Hunter Stories no PC. Selecionamos apenas as nossas lojas digitais de confian\u00e7a para a compara\u00e7\u00e3o de pre\u00e7os. Voc\u00ea pode comprar a chave do jogo na loja em que estiver com a melhor oferta. Ap\u00f3s realizar a compra, voc\u00ea precisa utilizar o cliente indicado pela loja para ativar e baixar o seu jogo.","robots":{"index":"index","follow":"follow","max-snippet":"max-snippet:-1","max-image-preview":"max-image-preview:large","max-video-preview":"max-video-preview:-1"},"canonical":"https:\/\/www.gameplayscassi.com.br\/ofertas\/produtos\/jogos\/monster-hunter-stories\/","og_locale":"pt_BR","og_type":"article","og_title":"Monster Hunter Stories em promo\u00e7\u00e3o para PC","og_description":"Confira o menor pre\u00e7o para comprar Monster Hunter Stories no PC. Selecionamos apenas as nossas lojas digitais de confian\u00e7a para a compara\u00e7\u00e3o de pre\u00e7os. Voc\u00ea pode comprar a chave do jogo na loja em que estiver com a melhor oferta. Ap\u00f3s realizar a compra, voc\u00ea precisa utilizar o cliente indicado pela loja para ativar e baixar o seu jogo.","og_url":"https:\/\/www.gameplayscassi.com.br\/ofertas\/produtos\/jogos\/monster-hunter-stories\/","og_site_name":"Gameplayscassi - Ofertas","article_publisher":"https:\/\/www.facebook.com\/GamePlaysCassi\/","article_modified_time":"2026-05-02T06:34:25+00:00","og_image":[{"width":1600,"height":740,"url":"https:\/\/www.gameplayscassi.com.br\/ofertas\/wp-content\/uploads\/2024\/05\/Monster-Hunter-Stories.jpg","type":"image\/jpeg"}],"twitter_card":"summary_large_image","twitter_site":"@Gameplayscassi","twitter_misc":{"Est. tempo de leitura":"3 minutos"},"schema":{"@context":"https:\/\/schema.org","@graph":[{"@type":"WebPage","@id":"https:\/\/www.gameplayscassi.com.br\/ofertas\/produtos\/jogos\/monster-hunter-stories\/","url":"https:\/\/www.gameplayscassi.com.br\/ofertas\/produtos\/jogos\/monster-hunter-stories\/","name":"Monster Hunter Stories em promo\u00e7\u00e3o para PC","isPartOf":{"@id":"https:\/\/www.gameplayscassi.com.br\/ofertas\/#website"},"primaryImageOfPage":{"@id":"https:\/\/www.gameplayscassi.com.br\/ofertas\/produtos\/jogos\/monster-hunter-stories\/#primaryimage"},"image":{"@id":"https:\/\/www.gameplayscassi.com.br\/ofertas\/produtos\/jogos\/monster-hunter-stories\/#primaryimage"},"thumbnailUrl":"https:\/\/www.gameplayscassi.com.br\/ofertas\/wp-content\/uploads\/2024\/05\/Monster-Hunter-Stories.jpg","datePublished":"2024-05-09T23:21:43+00:00","dateModified":"2026-05-02T06:34:25+00:00","description":"Confira o menor pre\u00e7o para comprar Monster Hunter Stories no PC. Selecionamos apenas as nossas lojas digitais de confian\u00e7a para a compara\u00e7\u00e3o de pre\u00e7os. Voc\u00ea pode comprar a chave do jogo na loja em que estiver com a melhor oferta. Ap\u00f3s realizar a compra, voc\u00ea precisa utilizar o cliente indicado pela loja para ativar e baixar o seu jogo.","breadcrumb":{"@id":"https:\/\/www.gameplayscassi.com.br\/ofertas\/produtos\/jogos\/monster-hunter-stories\/#breadcrumb"},"inLanguage":"pt-BR","potentialAction":[{"@type":"ReadAction","target":["https:\/\/www.gameplayscassi.com.br\/ofertas\/produtos\/jogos\/monster-hunter-stories\/"]}]},{"@type":"ImageObject","inLanguage":"pt-BR","@id":"https:\/\/www.gameplayscassi.com.br\/ofertas\/produtos\/jogos\/monster-hunter-stories\/#primaryimage","url":"https:\/\/www.gameplayscassi.com.br\/ofertas\/wp-content\/uploads\/2024\/05\/Monster-Hunter-Stories.jpg","contentUrl":"https:\/\/www.gameplayscassi.com.br\/ofertas\/wp-content\/uploads\/2024\/05\/Monster-Hunter-Stories.jpg","width":1600,"height":740},{"@type":"BreadcrumbList","@id":"https:\/\/www.gameplayscassi.com.br\/ofertas\/produtos\/jogos\/monster-hunter-stories\/#breadcrumb","itemListElement":[{"@type":"ListItem","position":1,"name":"In\u00edcio","item":"https:\/\/www.gameplayscassi.com.br\/ofertas\/"},{"@type":"ListItem","position":2,"name":"Produtos","item":"https:\/\/www.gameplayscassi.com.br\/ofertas\/"},{"@type":"ListItem","position":3,"name":"Monster Hunter Stories"}]},{"@type":"WebSite","@id":"https:\/\/www.gameplayscassi.com.br\/ofertas\/#website","url":"https:\/\/www.gameplayscassi.com.br\/ofertas\/","name":"Gameplayscassi - Ofertas","description":"As melhores ofertas para voc\u00ea","publisher":{"@id":"https:\/\/www.gameplayscassi.com.br\/ofertas\/#organization"},"potentialAction":[{"@type":"SearchAction","target":{"@type":"EntryPoint","urlTemplate":"https:\/\/www.gameplayscassi.com.br\/ofertas\/?s={search_term_string}"},"query-input":{"@type":"PropertyValueSpecification","valueRequired":true,"valueName":"search_term_string"}}],"inLanguage":"pt-BR"},{"@type":"Organization","@id":"https:\/\/www.gameplayscassi.com.br\/ofertas\/#organization","name":"Gameplayscassi - Ofertas","url":"https:\/\/www.gameplayscassi.com.br\/ofertas\/","logo":{"@type":"ImageObject","inLanguage":"pt-BR","@id":"https:\/\/www.gameplayscassi.com.br\/ofertas\/#\/schema\/logo\/image\/","url":"https:\/\/www.gameplayscassi.com.br\/ofertas\/wp-content\/uploads\/2024\/06\/Gameplayscassi.png","contentUrl":"https:\/\/www.gameplayscassi.com.br\/ofertas\/wp-content\/uploads\/2024\/06\/Gameplayscassi.png","width":544,"height":180,"caption":"Gameplayscassi - Ofertas"},"image":{"@id":"https:\/\/www.gameplayscassi.com.br\/ofertas\/#\/schema\/logo\/image\/"},"sameAs":["https:\/\/www.facebook.com\/GamePlaysCassi\/","https:\/\/x.com\/Gameplayscassi","https:\/\/www.youtube.com\/gameplayscassi","https:\/\/www.instagram.com\/gameplayscassii\/","https:\/\/store.steampowered.com\/curator\/31464556\/","https:\/\/discord.com\/servers\/gameplayscassi-598567071298617354"]}]}},"jetpack_sharing_enabled":true,"_links":{"self":[{"href":"https:\/\/www.gameplayscassi.com.br\/ofertas\/wp-json\/wp\/v2\/product\/72763","targetHints":{"allow":["GET"]}}],"collection":[{"href":"https:\/\/www.gameplayscassi.com.br\/ofertas\/wp-json\/wp\/v2\/product"}],"about":[{"href":"https:\/\/www.gameplayscassi.com.br\/ofertas\/wp-json\/wp\/v2\/types\/product"}],"version-history":[{"count":0,"href":"https:\/\/www.gameplayscassi.com.br\/ofertas\/wp-json\/wp\/v2\/product\/72763\/revisions"}],"wp:featuredmedia":[{"embeddable":true,"href":"https:\/\/www.gameplayscassi.com.br\/ofertas\/wp-json\/wp\/v2\/media\/72865"}],"wp:attachment":[{"href":"https:\/\/www.gameplayscassi.com.br\/ofertas\/wp-json\/wp\/v2\/media?parent=72763"}],"wp:term":[{"taxonomy":"store","embeddable":true,"href":"https:\/\/www.gameplayscassi.com.br\/ofertas\/wp-json\/wp\/v2\/store?post=72763"},{"taxonomy":"product_brand","embeddable":true,"href":"https:\/\/www.gameplayscassi.com.br\/ofertas\/wp-json\/wp\/v2\/product_brand?post=72763"},{"taxonomy":"product_cat","embeddable":true,"href":"https:\/\/www.gameplayscassi.com.br\/ofertas\/wp-json\/wp\/v2\/product_cat?post=72763"},{"taxonomy":"product_tag","embeddable":true,"href":"https:\/\/www.gameplayscassi.com.br\/ofertas\/wp-json\/wp\/v2\/product_tag?post=72763"}],"curies":[{"name":"wp","href":"https:\/\/api.w.org\/{rel}","templated":true}]}}