{"id":72737,"date":"2024-05-09T20:21:36","date_gmt":"2024-05-09T23:21:36","guid":{"rendered":"https:\/\/www.gameplayscassi.com.br\/ofertas\/produtos\/sem%20categoria\/ghosts-n-goblins-resurrection\/"},"modified":"2026-05-06T14:35:48","modified_gmt":"2026-05-06T17:35:48","slug":"ghosts-n-goblins-resurrection","status":"publish","type":"product","link":"https:\/\/www.gameplayscassi.com.br\/ofertas\/produtos\/jogos\/ghosts-n-goblins-resurrection\/","title":{"rendered":"Ghosts &#8216;n Goblins Resurrection"},"content":{"rendered":"<p>Assista enquanto o mundo desse livro de contos nost\u00e1lgico mas completamente reimaginado se revela diante dos seus olhos.<\/p>\n<p>Inspirando-se em Ghosts &#8216;n Goblins e Ghouls &#8216;n Ghosts para dar origem a algo completamente novo, Resurrection \u00e9 um t\u00edtulo que faz jus ao seu nome.<\/p>\n<p>N\u00e3o se deixe enganar por esse mundo de contos, que, apesar de maravilhoso, \u00e9 uma carta de amor aos t\u00edtulos originais e mant\u00e9m a mesma jogabilidade dif\u00edcil que os f\u00e3s esperam. Teste a sua coragem, porque o desafio foi lan\u00e7ado!<\/p>\n<p>Hist\u00f3ria<\/p>\n<p>H\u00e1 muito tempo&#8230;<\/p>\n<p>Nosso conto come\u00e7a numa terra distante, cuja beleza \u00e9 sem par,<br \/>\nO cavaleiro, Arthur, e a princesa ao sol do meio-dia a se banhar.<br \/>\n&#8230;mas, de repente, algo mudou, e a cidade por chamas foi tomada,<br \/>\numa nuvem de escurid\u00e3o emergiu, e o pal\u00e1cio a nuvem devorava.<\/p>\n<p>A sombra se estende, at\u00e9 chegar \u00e0 divina \u00c1rvore Umbral.<br \/>\nSua cor desbota, seu vigor \u00e9 drenado pelos poderes do mal.<br \/>\nE, com o caos forjado, o Lorde Dem\u00f4nio executou o seu plano.<br \/>\nCom Arthur distra\u00eddo, a princesa foi levada pelo tirano.<\/p>\n<p>De pronto, Arthur veste sua armadura, para salvar sua donzela.<br \/>\nAo Reino Demon\u00edaco ele parte; aos seus inimigos, resta cautela.<\/p>\n<p>Jogabilidade<\/p>\n<p>Como seus antecessores, Ghosts &#8216;n Goblins Resurrection utiliza controles simples, acess\u00edveis a todos. Use-os ao seu favor enquanto luta para passar por fases estranhas e assustadoras, cheias de inimigos \u00fanicos neste mundo encantado que ganhou vida com a tecnologia e filosofia de design de jogo modernas!<\/p>\n<p>Ghosts &#8216;n Goblins \u00e9 dif\u00edcil. Sua dificuldade inflex\u00edvel definiu a caracter\u00edstica da s\u00e9rie, e Resurrection honra esse legado. Voc\u00ea vai morrer, e vai morrer de novo, mas voc\u00ea vai sacodir a poeira e ficar melhor a cada tentativa \u00e0 medida que aprende mais sobre os inimigos e preparar uma estrat\u00e9gia melhor. Voc\u00ea vai lutar, mas tamb\u00e9m vai desfrutar da gl\u00f3ria quando finalmente sair vitorioso. Isso \u00e9 Ghosts &#8216;n Goblins.<\/p>\n<p>Em Resurrection, Arthur pode obter 8 tipos de armas, cada um com suas caracter\u00edsticas \u00fanicas. Derrube seus inimigos com velhos conhecidos como a Lan\u00e7a e a Adaga, dispare ondas de choque com o Martelo para lan\u00e7ar inimigos para longe, ou envie uma Bola de Espinhos pelo ch\u00e3o para derrub\u00e1-los! Use isso \u2014 e muito mais \u2014 a seu favor enquanto cria um plano para avan\u00e7ar pelo Reino Demon\u00edaco!<\/p>\n<p>Al\u00e9m do seu vasto arsenal de armas, Arthur tamb\u00e9m pode aprender uma mir\u00edade de magias e habilidades. Use Tempestade Relampejante para lan\u00e7ar uma chuva de raios nas quatro dire\u00e7\u00f5es, ou aprenda Kitted Out para aumentar o espa\u00e7o do invent\u00e1rio de Arthur e carregar mais armas. Com muito mais coisas dispon\u00edveis, n\u00e3o esque\u00e7a de abrir espa\u00e7o para magia e habilidades na sua estrat\u00e9gia!<\/p>\n<p>Fa\u00e7a uso de todas as armas, magias e habilidades de Arthur enquanto enfrenta os supl\u00edcios do Reino Demon\u00edaco para trazer a princesa em seguran\u00e7a para casa. Re\u00fana cada pedacinho de determina\u00e7\u00e3o que voc\u00ea tiver. Voc\u00ea vai precisar!<\/p>\n<p>Al\u00e9m do modo para um jogador, que foca na divers\u00e3o de suportar e superar desafios sozinho, Arthur pode ser ajudado por personagens de apoio, os Three Wise Guys.<br \/>\nEsse estilo de jogo traz uma intensa experi\u00eancia cooperativa de dois jogadores, uma novidade na s\u00e9rie.<\/p>\n<p>Conecte dois controles para jogar com um amigo localmente.<br \/>\nObs.: Apenas cooperativo local. Jogo on-line n\u00e3o suportado.<\/p>\n<p>Vivencie as palmas suadas e a emo\u00e7\u00e3o angustiante que vem com o modo para um jogador, ou compartilhe a divers\u00e3o com amigos em uma experi\u00eancia cooperativa estilo jogo de festa!<\/p>\n","protected":false},"excerpt":{"rendered":"<p>Confira o menor pre\u00e7o para comprar <strong>Ghosts &#8216;n Goblins Resurrection<\/strong> no PC. Selecionamos apenas as nossas lojas digitais de confian\u00e7a para a compara\u00e7\u00e3o de pre\u00e7os. Voc\u00ea pode comprar a chave do jogo na loja em que estiver com a melhor oferta. Ap\u00f3s realizar a compra, voc\u00ea precisa utilizar o cliente indicado pela loja para ativar e baixar o seu jogo.<\/p>\n","protected":false},"featured_media":72845,"template":"","meta":[],"store":[],"product_brand":[],"product_cat":[25],"product_tag":[274,119,592,545,50,403,405,404,591,406,26,562,31,191,593,123],"class_list":{"0":"post-72737","1":"product","2":"type-product","3":"status-publish","4":"has-post-thumbnail","6":"product_cat-jogos","7":"product_tag-2d","8":"product_tag-acao","9":"product_tag-anos-80","10":"product_tag-camera-lateral","11":"product_tag-capcom","12":"product_tag-cartas-colecionaveis-steam","13":"product_tag-compartilhamento-em-familia","14":"product_tag-conquistas-steam","15":"product_tag-desenhado-a-mao","16":"product_tag-nuvem-steam","17":"product_tag-pc","18":"product_tag-plataforma-2d","19":"product_tag-steam","20":"product_tag-steam-deck","21":"product_tag-velha-guarda","22":"product_tag-zumbis","24":"first","25":"instock","26":"sale","27":"purchasable","28":"product-type-simple"},"yoast_head":"<!-- This site is optimized with the Yoast SEO plugin v27.2 - https:\/\/yoast.com\/product\/yoast-seo-wordpress\/ -->\n<title>Ghosts &#039;n Goblins Resurrection em promo\u00e7\u00e3o para PC<\/title>\n<meta name=\"description\" content=\"Confira o menor pre\u00e7o para comprar Ghosts &#039;n Goblins Resurrection no PC. Selecionamos apenas as nossas lojas digitais de confian\u00e7a para a compara\u00e7\u00e3o de pre\u00e7os. Voc\u00ea pode comprar a chave do jogo na loja em que estiver com a melhor oferta. Ap\u00f3s realizar a compra, voc\u00ea precisa utilizar o cliente indicado pela loja para ativar e baixar o seu jogo.\" \/>\n<meta name=\"robots\" content=\"index, follow, max-snippet:-1, max-image-preview:large, max-video-preview:-1\" \/>\n<link rel=\"canonical\" href=\"https:\/\/www.gameplayscassi.com.br\/ofertas\/produtos\/jogos\/ghosts-n-goblins-resurrection\/\" \/>\n<meta property=\"og:locale\" content=\"pt_BR\" \/>\n<meta property=\"og:type\" content=\"article\" \/>\n<meta property=\"og:title\" content=\"Ghosts &#039;n Goblins Resurrection em promo\u00e7\u00e3o para PC\" \/>\n<meta property=\"og:description\" content=\"Confira o menor pre\u00e7o para comprar Ghosts &#039;n Goblins Resurrection no PC. Selecionamos apenas as nossas lojas digitais de confian\u00e7a para a compara\u00e7\u00e3o de pre\u00e7os. Voc\u00ea pode comprar a chave do jogo na loja em que estiver com a melhor oferta. Ap\u00f3s realizar a compra, voc\u00ea precisa utilizar o cliente indicado pela loja para ativar e baixar o seu jogo.\" \/>\n<meta property=\"og:url\" content=\"https:\/\/www.gameplayscassi.com.br\/ofertas\/produtos\/jogos\/ghosts-n-goblins-resurrection\/\" \/>\n<meta property=\"og:site_name\" content=\"Gameplayscassi - Ofertas\" \/>\n<meta property=\"article:publisher\" content=\"https:\/\/www.facebook.com\/GamePlaysCassi\/\" \/>\n<meta property=\"article:modified_time\" content=\"2026-05-06T17:35:48+00:00\" \/>\n<meta property=\"og:image\" content=\"https:\/\/www.gameplayscassi.com.br\/ofertas\/wp-content\/uploads\/2024\/05\/Ghosts-n-Goblins-Resurrection.jpg\" \/>\n\t<meta property=\"og:image:width\" content=\"1600\" \/>\n\t<meta property=\"og:image:height\" content=\"740\" \/>\n\t<meta property=\"og:image:type\" content=\"image\/jpeg\" \/>\n<meta name=\"twitter:card\" content=\"summary_large_image\" \/>\n<meta name=\"twitter:site\" content=\"@Gameplayscassi\" \/>\n<meta name=\"twitter:label1\" content=\"Est. tempo de leitura\" \/>\n\t<meta name=\"twitter:data1\" content=\"3 minutos\" \/>\n<script type=\"application\/ld+json\" class=\"yoast-schema-graph\">{\"@context\":\"https:\/\/schema.org\",\"@graph\":[{\"@type\":\"WebPage\",\"@id\":\"https:\/\/www.gameplayscassi.com.br\/ofertas\/produtos\/jogos\/ghosts-n-goblins-resurrection\/\",\"url\":\"https:\/\/www.gameplayscassi.com.br\/ofertas\/produtos\/jogos\/ghosts-n-goblins-resurrection\/\",\"name\":\"Ghosts 'n Goblins Resurrection em promo\u00e7\u00e3o para PC\",\"isPartOf\":{\"@id\":\"https:\/\/www.gameplayscassi.com.br\/ofertas\/#website\"},\"primaryImageOfPage\":{\"@id\":\"https:\/\/www.gameplayscassi.com.br\/ofertas\/produtos\/jogos\/ghosts-n-goblins-resurrection\/#primaryimage\"},\"image\":{\"@id\":\"https:\/\/www.gameplayscassi.com.br\/ofertas\/produtos\/jogos\/ghosts-n-goblins-resurrection\/#primaryimage\"},\"thumbnailUrl\":\"https:\/\/www.gameplayscassi.com.br\/ofertas\/wp-content\/uploads\/2024\/05\/Ghosts-n-Goblins-Resurrection.jpg\",\"datePublished\":\"2024-05-09T23:21:36+00:00\",\"dateModified\":\"2026-05-06T17:35:48+00:00\",\"description\":\"Confira o menor pre\u00e7o para comprar Ghosts 'n Goblins Resurrection no PC. Selecionamos apenas as nossas lojas digitais de confian\u00e7a para a compara\u00e7\u00e3o de pre\u00e7os. Voc\u00ea pode comprar a chave do jogo na loja em que estiver com a melhor oferta. Ap\u00f3s realizar a compra, voc\u00ea precisa utilizar o cliente indicado pela loja para ativar e baixar o seu jogo.\",\"breadcrumb\":{\"@id\":\"https:\/\/www.gameplayscassi.com.br\/ofertas\/produtos\/jogos\/ghosts-n-goblins-resurrection\/#breadcrumb\"},\"inLanguage\":\"pt-BR\",\"potentialAction\":[{\"@type\":\"ReadAction\",\"target\":[\"https:\/\/www.gameplayscassi.com.br\/ofertas\/produtos\/jogos\/ghosts-n-goblins-resurrection\/\"]}]},{\"@type\":\"ImageObject\",\"inLanguage\":\"pt-BR\",\"@id\":\"https:\/\/www.gameplayscassi.com.br\/ofertas\/produtos\/jogos\/ghosts-n-goblins-resurrection\/#primaryimage\",\"url\":\"https:\/\/www.gameplayscassi.com.br\/ofertas\/wp-content\/uploads\/2024\/05\/Ghosts-n-Goblins-Resurrection.jpg\",\"contentUrl\":\"https:\/\/www.gameplayscassi.com.br\/ofertas\/wp-content\/uploads\/2024\/05\/Ghosts-n-Goblins-Resurrection.jpg\",\"width\":1600,\"height\":740},{\"@type\":\"BreadcrumbList\",\"@id\":\"https:\/\/www.gameplayscassi.com.br\/ofertas\/produtos\/jogos\/ghosts-n-goblins-resurrection\/#breadcrumb\",\"itemListElement\":[{\"@type\":\"ListItem\",\"position\":1,\"name\":\"In\u00edcio\",\"item\":\"https:\/\/www.gameplayscassi.com.br\/ofertas\/\"},{\"@type\":\"ListItem\",\"position\":2,\"name\":\"Produtos\",\"item\":\"https:\/\/www.gameplayscassi.com.br\/ofertas\/\"},{\"@type\":\"ListItem\",\"position\":3,\"name\":\"Ghosts &#8216;n Goblins Resurrection\"}]},{\"@type\":\"WebSite\",\"@id\":\"https:\/\/www.gameplayscassi.com.br\/ofertas\/#website\",\"url\":\"https:\/\/www.gameplayscassi.com.br\/ofertas\/\",\"name\":\"Gameplayscassi - Ofertas\",\"description\":\"As melhores ofertas para voc\u00ea\",\"publisher\":{\"@id\":\"https:\/\/www.gameplayscassi.com.br\/ofertas\/#organization\"},\"potentialAction\":[{\"@type\":\"SearchAction\",\"target\":{\"@type\":\"EntryPoint\",\"urlTemplate\":\"https:\/\/www.gameplayscassi.com.br\/ofertas\/?s={search_term_string}\"},\"query-input\":{\"@type\":\"PropertyValueSpecification\",\"valueRequired\":true,\"valueName\":\"search_term_string\"}}],\"inLanguage\":\"pt-BR\"},{\"@type\":\"Organization\",\"@id\":\"https:\/\/www.gameplayscassi.com.br\/ofertas\/#organization\",\"name\":\"Gameplayscassi - Ofertas\",\"url\":\"https:\/\/www.gameplayscassi.com.br\/ofertas\/\",\"logo\":{\"@type\":\"ImageObject\",\"inLanguage\":\"pt-BR\",\"@id\":\"https:\/\/www.gameplayscassi.com.br\/ofertas\/#\/schema\/logo\/image\/\",\"url\":\"https:\/\/www.gameplayscassi.com.br\/ofertas\/wp-content\/uploads\/2024\/06\/Gameplayscassi.png\",\"contentUrl\":\"https:\/\/www.gameplayscassi.com.br\/ofertas\/wp-content\/uploads\/2024\/06\/Gameplayscassi.png\",\"width\":544,\"height\":180,\"caption\":\"Gameplayscassi - Ofertas\"},\"image\":{\"@id\":\"https:\/\/www.gameplayscassi.com.br\/ofertas\/#\/schema\/logo\/image\/\"},\"sameAs\":[\"https:\/\/www.facebook.com\/GamePlaysCassi\/\",\"https:\/\/x.com\/Gameplayscassi\",\"https:\/\/www.youtube.com\/gameplayscassi\",\"https:\/\/www.instagram.com\/gameplayscassii\/\",\"https:\/\/store.steampowered.com\/curator\/31464556\/\",\"https:\/\/discord.com\/servers\/gameplayscassi-598567071298617354\"]}]}<\/script>\n<!-- \/ Yoast SEO plugin. -->","yoast_head_json":{"title":"Ghosts 'n Goblins Resurrection em promo\u00e7\u00e3o para PC","description":"Confira o menor pre\u00e7o para comprar Ghosts 'n Goblins Resurrection no PC. Selecionamos apenas as nossas lojas digitais de confian\u00e7a para a compara\u00e7\u00e3o de pre\u00e7os. Voc\u00ea pode comprar a chave do jogo na loja em que estiver com a melhor oferta. Ap\u00f3s realizar a compra, voc\u00ea precisa utilizar o cliente indicado pela loja para ativar e baixar o seu jogo.","robots":{"index":"index","follow":"follow","max-snippet":"max-snippet:-1","max-image-preview":"max-image-preview:large","max-video-preview":"max-video-preview:-1"},"canonical":"https:\/\/www.gameplayscassi.com.br\/ofertas\/produtos\/jogos\/ghosts-n-goblins-resurrection\/","og_locale":"pt_BR","og_type":"article","og_title":"Ghosts 'n Goblins Resurrection em promo\u00e7\u00e3o para PC","og_description":"Confira o menor pre\u00e7o para comprar Ghosts 'n Goblins Resurrection no PC. Selecionamos apenas as nossas lojas digitais de confian\u00e7a para a compara\u00e7\u00e3o de pre\u00e7os. Voc\u00ea pode comprar a chave do jogo na loja em que estiver com a melhor oferta. Ap\u00f3s realizar a compra, voc\u00ea precisa utilizar o cliente indicado pela loja para ativar e baixar o seu jogo.","og_url":"https:\/\/www.gameplayscassi.com.br\/ofertas\/produtos\/jogos\/ghosts-n-goblins-resurrection\/","og_site_name":"Gameplayscassi - Ofertas","article_publisher":"https:\/\/www.facebook.com\/GamePlaysCassi\/","article_modified_time":"2026-05-06T17:35:48+00:00","og_image":[{"width":1600,"height":740,"url":"https:\/\/www.gameplayscassi.com.br\/ofertas\/wp-content\/uploads\/2024\/05\/Ghosts-n-Goblins-Resurrection.jpg","type":"image\/jpeg"}],"twitter_card":"summary_large_image","twitter_site":"@Gameplayscassi","twitter_misc":{"Est. tempo de leitura":"3 minutos"},"schema":{"@context":"https:\/\/schema.org","@graph":[{"@type":"WebPage","@id":"https:\/\/www.gameplayscassi.com.br\/ofertas\/produtos\/jogos\/ghosts-n-goblins-resurrection\/","url":"https:\/\/www.gameplayscassi.com.br\/ofertas\/produtos\/jogos\/ghosts-n-goblins-resurrection\/","name":"Ghosts 'n Goblins Resurrection em promo\u00e7\u00e3o para PC","isPartOf":{"@id":"https:\/\/www.gameplayscassi.com.br\/ofertas\/#website"},"primaryImageOfPage":{"@id":"https:\/\/www.gameplayscassi.com.br\/ofertas\/produtos\/jogos\/ghosts-n-goblins-resurrection\/#primaryimage"},"image":{"@id":"https:\/\/www.gameplayscassi.com.br\/ofertas\/produtos\/jogos\/ghosts-n-goblins-resurrection\/#primaryimage"},"thumbnailUrl":"https:\/\/www.gameplayscassi.com.br\/ofertas\/wp-content\/uploads\/2024\/05\/Ghosts-n-Goblins-Resurrection.jpg","datePublished":"2024-05-09T23:21:36+00:00","dateModified":"2026-05-06T17:35:48+00:00","description":"Confira o menor pre\u00e7o para comprar Ghosts 'n Goblins Resurrection no PC. Selecionamos apenas as nossas lojas digitais de confian\u00e7a para a compara\u00e7\u00e3o de pre\u00e7os. Voc\u00ea pode comprar a chave do jogo na loja em que estiver com a melhor oferta. Ap\u00f3s realizar a compra, voc\u00ea precisa utilizar o cliente indicado pela loja para ativar e baixar o seu jogo.","breadcrumb":{"@id":"https:\/\/www.gameplayscassi.com.br\/ofertas\/produtos\/jogos\/ghosts-n-goblins-resurrection\/#breadcrumb"},"inLanguage":"pt-BR","potentialAction":[{"@type":"ReadAction","target":["https:\/\/www.gameplayscassi.com.br\/ofertas\/produtos\/jogos\/ghosts-n-goblins-resurrection\/"]}]},{"@type":"ImageObject","inLanguage":"pt-BR","@id":"https:\/\/www.gameplayscassi.com.br\/ofertas\/produtos\/jogos\/ghosts-n-goblins-resurrection\/#primaryimage","url":"https:\/\/www.gameplayscassi.com.br\/ofertas\/wp-content\/uploads\/2024\/05\/Ghosts-n-Goblins-Resurrection.jpg","contentUrl":"https:\/\/www.gameplayscassi.com.br\/ofertas\/wp-content\/uploads\/2024\/05\/Ghosts-n-Goblins-Resurrection.jpg","width":1600,"height":740},{"@type":"BreadcrumbList","@id":"https:\/\/www.gameplayscassi.com.br\/ofertas\/produtos\/jogos\/ghosts-n-goblins-resurrection\/#breadcrumb","itemListElement":[{"@type":"ListItem","position":1,"name":"In\u00edcio","item":"https:\/\/www.gameplayscassi.com.br\/ofertas\/"},{"@type":"ListItem","position":2,"name":"Produtos","item":"https:\/\/www.gameplayscassi.com.br\/ofertas\/"},{"@type":"ListItem","position":3,"name":"Ghosts &#8216;n Goblins Resurrection"}]},{"@type":"WebSite","@id":"https:\/\/www.gameplayscassi.com.br\/ofertas\/#website","url":"https:\/\/www.gameplayscassi.com.br\/ofertas\/","name":"Gameplayscassi - Ofertas","description":"As melhores ofertas para voc\u00ea","publisher":{"@id":"https:\/\/www.gameplayscassi.com.br\/ofertas\/#organization"},"potentialAction":[{"@type":"SearchAction","target":{"@type":"EntryPoint","urlTemplate":"https:\/\/www.gameplayscassi.com.br\/ofertas\/?s={search_term_string}"},"query-input":{"@type":"PropertyValueSpecification","valueRequired":true,"valueName":"search_term_string"}}],"inLanguage":"pt-BR"},{"@type":"Organization","@id":"https:\/\/www.gameplayscassi.com.br\/ofertas\/#organization","name":"Gameplayscassi - Ofertas","url":"https:\/\/www.gameplayscassi.com.br\/ofertas\/","logo":{"@type":"ImageObject","inLanguage":"pt-BR","@id":"https:\/\/www.gameplayscassi.com.br\/ofertas\/#\/schema\/logo\/image\/","url":"https:\/\/www.gameplayscassi.com.br\/ofertas\/wp-content\/uploads\/2024\/06\/Gameplayscassi.png","contentUrl":"https:\/\/www.gameplayscassi.com.br\/ofertas\/wp-content\/uploads\/2024\/06\/Gameplayscassi.png","width":544,"height":180,"caption":"Gameplayscassi - Ofertas"},"image":{"@id":"https:\/\/www.gameplayscassi.com.br\/ofertas\/#\/schema\/logo\/image\/"},"sameAs":["https:\/\/www.facebook.com\/GamePlaysCassi\/","https:\/\/x.com\/Gameplayscassi","https:\/\/www.youtube.com\/gameplayscassi","https:\/\/www.instagram.com\/gameplayscassii\/","https:\/\/store.steampowered.com\/curator\/31464556\/","https:\/\/discord.com\/servers\/gameplayscassi-598567071298617354"]}]}},"jetpack_sharing_enabled":true,"_links":{"self":[{"href":"https:\/\/www.gameplayscassi.com.br\/ofertas\/wp-json\/wp\/v2\/product\/72737","targetHints":{"allow":["GET"]}}],"collection":[{"href":"https:\/\/www.gameplayscassi.com.br\/ofertas\/wp-json\/wp\/v2\/product"}],"about":[{"href":"https:\/\/www.gameplayscassi.com.br\/ofertas\/wp-json\/wp\/v2\/types\/product"}],"version-history":[{"count":0,"href":"https:\/\/www.gameplayscassi.com.br\/ofertas\/wp-json\/wp\/v2\/product\/72737\/revisions"}],"wp:featuredmedia":[{"embeddable":true,"href":"https:\/\/www.gameplayscassi.com.br\/ofertas\/wp-json\/wp\/v2\/media\/72845"}],"wp:attachment":[{"href":"https:\/\/www.gameplayscassi.com.br\/ofertas\/wp-json\/wp\/v2\/media?parent=72737"}],"wp:term":[{"taxonomy":"store","embeddable":true,"href":"https:\/\/www.gameplayscassi.com.br\/ofertas\/wp-json\/wp\/v2\/store?post=72737"},{"taxonomy":"product_brand","embeddable":true,"href":"https:\/\/www.gameplayscassi.com.br\/ofertas\/wp-json\/wp\/v2\/product_brand?post=72737"},{"taxonomy":"product_cat","embeddable":true,"href":"https:\/\/www.gameplayscassi.com.br\/ofertas\/wp-json\/wp\/v2\/product_cat?post=72737"},{"taxonomy":"product_tag","embeddable":true,"href":"https:\/\/www.gameplayscassi.com.br\/ofertas\/wp-json\/wp\/v2\/product_tag?post=72737"}],"curies":[{"name":"wp","href":"https:\/\/api.w.org\/{rel}","templated":true}]}}